{"id":29,"date":"2025-06-08T18:41:04","date_gmt":"2025-06-08T16:41:04","guid":{"rendered":"http:\/\/psychologue-marville.com\/?page_id=29"},"modified":"2026-03-13T18:10:35","modified_gmt":"2026-03-13T17:10:35","slug":"bonjour","status":"publish","type":"page","link":"https:\/\/psychologue-marville.com\/","title":{"rendered":"Psychologie du travail"},"content":{"rendered":"\n<h3 class=\"wp-block-heading\">Psychologue du travail<\/h3>\n\n\n\n<div class=\"wp-block-columns is-layout-flex wp-container-core-columns-is-layout-28f84493 wp-block-columns-is-layout-flex\">\n<div class=\"wp-block-column is-layout-flow wp-block-column-is-layout-flow\">\n<figure class=\"wp-block-image size-large\"><img loading=\"lazy\" decoding=\"async\" width=\"1024\" height=\"732\" src=\"https:\/\/psychologue-marville.com\/wp-content\/uploads\/2025\/10\/therapy-9690987_1280-1-1024x732.png\" alt=\"\" class=\"wp-image-858\" srcset=\"https:\/\/psychologue-marville.com\/wp-content\/uploads\/2025\/10\/therapy-9690987_1280-1-1024x732.png 1024w, https:\/\/psychologue-marville.com\/wp-content\/uploads\/2025\/10\/therapy-9690987_1280-1-300x214.png 300w, https:\/\/psychologue-marville.com\/wp-content\/uploads\/2025\/10\/therapy-9690987_1280-1-768x549.png 768w, https:\/\/psychologue-marville.com\/wp-content\/uploads\/2025\/10\/therapy-9690987_1280-1.png 1280w\" sizes=\"auto, (max-width: 1024px) 100vw, 1024px\" \/><\/figure>\n<\/div>\n\n\n\n<div class=\"wp-block-column is-layout-flow wp-block-column-is-layout-flow\">\n<p><strong>Entretiens et accompagnements :<\/strong><\/p>\n\n\n\n<ul class=\"wp-block-list\">\n<li>Souffrance au travail (pression, surcharge mentale, isolement, \u00e9puisement, perte de sens, technostress et t\u00e9l\u00e9pression, isolement, d\u00e9qualification du travailleur etc.)<\/li>\n\n\n\n<li>Soutien lors de reconversions, licenciements ou prises de nouvelles responsabilit\u00e9s.<\/li>\n\n\n\n<li>Out-placement<\/li>\n\n\n\n<li class=\"liendanstext\"><a href=\"https:\/\/psychologue-marville.com\/index.php\/bilan-de-competences\/\" data-type=\"page\" data-id=\"160\"><em>Bilans de comp\u00e9tences<\/em><\/a><\/li>\n<\/ul>\n<\/div>\n<\/div>\n\n\n\n<div class=\"wp-block-columns is-layout-flex wp-container-core-columns-is-layout-28f84493 wp-block-columns-is-layout-flex\">\n<div class=\"wp-block-column is-vertically-aligned-center is-layout-flow wp-block-column-is-layout-flow\">\n<p><a href=\"https:\/\/psychologue-marville.com\/index.php\/psychologue-du-travail\/\" data-type=\"page\" data-id=\"85\"><strong>Analyses des pratiques professionnelles<\/strong><\/a><\/p>\n\n\n\n<ul class=\"wp-block-list\">\n<li>Pr\u00e9vention des risques psychosociaux : analyse des facteurs de stress, \u00e9puisement professionnel (burn-out), harc\u00e8lement. Mise en place de solutions pour r\u00e9duire ces risques : entretiens et ateliers de travail pour (re)penser collectivement l&rsquo;organisation du travail. Conseils en am\u00e9nagement des postes.<\/li>\n<\/ul>\n<\/div>\n\n\n\n<div class=\"wp-block-column is-layout-flow wp-block-column-is-layout-flow\">\n<figure class=\"wp-block-image size-large is-style-rounded wp-duotone-unset-2 is-style-rounded--1\"><img loading=\"lazy\" decoding=\"async\" width=\"1024\" height=\"605\" src=\"https:\/\/psychologue-marville.com\/wp-content\/uploads\/2025\/10\/laptop-1071781_12801-1024x605.jpg\" alt=\"\" class=\"wp-image-848\" style=\"box-shadow:var(--wp--preset--shadow--natural)\" srcset=\"https:\/\/psychologue-marville.com\/wp-content\/uploads\/2025\/10\/laptop-1071781_12801-1024x605.jpg 1024w, https:\/\/psychologue-marville.com\/wp-content\/uploads\/2025\/10\/laptop-1071781_12801-300x177.jpg 300w, https:\/\/psychologue-marville.com\/wp-content\/uploads\/2025\/10\/laptop-1071781_12801-768x454.jpg 768w, https:\/\/psychologue-marville.com\/wp-content\/uploads\/2025\/10\/laptop-1071781_12801.jpg 1280w\" sizes=\"auto, (max-width: 1024px) 100vw, 1024px\" \/><\/figure>\n<\/div>\n<\/div>\n\n\n\n<p>L\u2019analyse des pratiques professionnelles est une d\u00e9marche r\u00e9flexive qui vise \u00e0 comprendre, questionner et am\u00e9liorer les actions men\u00e9es dans un contexte de travail. Elle permet aux professionnels de prendre du recul sur leurs exp\u00e9riences, d\u2019identifier les difficult\u00e9s rencontr\u00e9es et de mettre en \u00e9vidence les comp\u00e9tences mobilis\u00e9es au quotidien. En favorisant l\u2019\u00e9change et la verbalisation, cette analyse contribue au d\u00e9veloppement professionnel, au renforcement de l\u2019identit\u00e9 professionnelle et \u00e0 l\u2019am\u00e9lioration de la qualit\u00e9 des pratiques. Elle constitue \u00e9galement un outil essentiel pour pr\u00e9venir les risques psychosociaux et favoriser le bien-\u00eatre au travail.<\/p>\n\n\n\n<p><a href=\"https:\/\/psychologue-marville.com\/index.php\/recrutement-pcm\/\" data-type=\"page\" data-id=\"184\"><strong>Recrutement<\/strong><\/a><\/p>\n\n\n\n<div class=\"wp-block-columns is-not-stacked-on-mobile is-layout-flex wp-container-core-columns-is-layout-28f84493 wp-block-columns-is-layout-flex\">\n<div class=\"wp-block-column is-layout-flow wp-block-column-is-layout-flow\" style=\"flex-basis:490px\">\n<ul class=\"wp-block-list\">\n<li><a href=\"https:\/\/psychologue-marville.com\/index.php\/recrutement-pcm\/\" type=\"page\" id=\"184\">Recruteur accr\u00e9dit\u00e9 PCM (Process Communication Model)<\/a><\/li>\n<\/ul>\n<\/div>\n\n\n\n<div class=\"wp-block-column is-vertically-aligned-bottom is-layout-flow wp-container-core-column-is-layout-92d440f1 wp-block-column-is-layout-flow\" style=\"padding-top:0;padding-bottom:0;flex-basis:10%\">\n<figure class=\"wp-block-image size-large\"><img loading=\"lazy\" decoding=\"async\" width=\"1024\" height=\"380\" src=\"https:\/\/psychologue-marville.com\/wp-content\/uploads\/2025\/06\/PCM-logo-classic-2021-rgb-1024x380.jpg\" alt=\"\" class=\"wp-image-150\" srcset=\"https:\/\/psychologue-marville.com\/wp-content\/uploads\/2025\/06\/PCM-logo-classic-2021-rgb-1024x380.jpg 1024w, https:\/\/psychologue-marville.com\/wp-content\/uploads\/2025\/06\/PCM-logo-classic-2021-rgb-300x111.jpg 300w, https:\/\/psychologue-marville.com\/wp-content\/uploads\/2025\/06\/PCM-logo-classic-2021-rgb-768x285.jpg 768w, https:\/\/psychologue-marville.com\/wp-content\/uploads\/2025\/06\/PCM-logo-classic-2021-rgb-1536x570.jpg 1536w, https:\/\/psychologue-marville.com\/wp-content\/uploads\/2025\/06\/PCM-logo-classic-2021-rgb-2048x759.jpg 2048w\" sizes=\"auto, (max-width: 1024px) 100vw, 1024px\" \/><\/figure>\n<\/div>\n<\/div>\n\n\n\n<p>La Process Communication Model<em>\u00a9<\/em> (PCM) est un outil puissant de d\u00e9codage des interactions humaines. La PCM permet de rep\u00e9rer les comportements observables et d\u2019en distinguer de quelle mani\u00e8re chacun pr\u00e9f\u00e8re \u00eatre abord\u00e9.<\/p>\n\n\n\n<div class=\"wp-block-columns is-layout-flex wp-container-core-columns-is-layout-3d2313c8 wp-block-columns-is-layout-flex\" style=\"border-top-left-radius:20px;border-top-right-radius:20px;border-bottom-left-radius:20px;border-bottom-right-radius:20px;margin-top:var(--wp--preset--spacing--40);margin-bottom:0;box-shadow:var(--wp--preset--shadow--natural)\">\n<div class=\"wp-block-column is-layout-flow wp-block-column-is-layout-flow\">\n<iframe src=\"https:\/\/www.google.com\/maps\/embed?pb=!1m18!1m12!1m3!1d2654.0759682306257!2d4.0712215752882805!3d48.3013903397442!2m3!1f0!2f0!3f0!3m2!1i1024!2i768!4f13.1!3m3!1m2!1s0x47ee9858a8e6380d%3A0x95f7947fc2bcfd9b!2s17%20Rue%20de%20Preize%2C%2010000%20Troyes!5e0!3m2!1sfr!2sfr!4v1770491598132!5m2!1sfr!2sfr\" width=\"100%\" height=\"100%\" style=\"border:0;\" allowfullscreen=\"\" loading=\"lazy\" referrerpolicy=\"no-referrer-when-downgrade\"><\/iframe>\n<style>\n.accueil_btn a{\nfont-weight: bold;\n}\n<\/style>\n<\/div>\n\n\n\n<div class=\"wp-block-column contact is-layout-flow wp-block-column-is-layout-flow\" style=\"flex-basis:210px\">\n<p><\/p>\n\n\n\n<h4 class=\"wp-block-heading\">Contact<\/h4>\n\n\n\n<div class=\"wp-block-columns is-layout-flex wp-container-core-columns-is-layout-28f84493 wp-block-columns-is-layout-flex\">\n<div class=\"wp-block-column is-layout-flow wp-block-column-is-layout-flow\" style=\"flex-basis:20px\">\n<figure class=\"wp-block-image size-full is-resized\"><img decoding=\"async\" src=\"https:\/\/psychologue-marville.com\/wp-content\/uploads\/2026\/02\/telephone-call.png\" alt=\"\" class=\"wp-image-1159\" style=\"object-fit:cover;width:20px;height:20px\"\/><\/figure>\n<\/div>\n\n\n\n<div class=\"wp-block-column telephone is-layout-flow wp-block-column-is-layout-flow\">\n<p>06 73 13 72 59<\/p>\n<\/div>\n<\/div>\n\n\n\n<div class=\"wp-block-columns is-layout-flex wp-container-core-columns-is-layout-28f84493 wp-block-columns-is-layout-flex\">\n<div class=\"wp-block-column is-layout-flow wp-block-column-is-layout-flow\" style=\"flex-basis:20px\">\n<figure class=\"wp-block-image size-full is-resized\"><img decoding=\"async\" src=\"https:\/\/psychologue-marville.com\/wp-content\/uploads\/2026\/02\/location.png\" alt=\"\" class=\"wp-image-1158\" style=\"object-fit:cover;width:20px;height:20px\"\/><\/figure>\n<\/div>\n\n\n\n<div class=\"wp-block-column adresse is-layout-flow wp-block-column-is-layout-flow\" style=\"flex-basis:150px\">\n<p>17 Rue de Preize 10000 Troyes<\/p>\n<\/div>\n\n\n\n<div class=\"wp-block-column is-layout-flow wp-block-column-is-layout-flow\"><\/div>\n<\/div>\n\n\n\n<p class=\"contact_btn\"><a href=\"https:\/\/psychologue-marville.com\/index.php\/me-contacter\/\" type=\"page\" id=\"204\">Nous contacter<\/a><\/p>\n\n\n\n<p><a style=\"display:flex;text-align:center;background-color:#107ACA;color:#ffffff;font-size:var(--wp--preset--font-family--luciole);overflow:hidden;font-family:Roboto, sans-serif;box-sizing:border-box;align-items:center;padding:0 24px;z-index:1000;height:50px;justify-content:center;text-decoration:none;bottom:16px;right:16px;border-bottom-left-radius:none;border-bottom-right-radius:none;border-top-left-radius:4px;border-top-right-radius:4px;border-radius:20px;width:210px;margin:auto;margin-top:20px !important;\" target=\"_blank\" target=\"_blank\" rel=\"noreferrer nofollow noopener\" href=\"https:\/\/www.doctolib.fr\/psychologue\/rosieres-pres-troyes\/alberic-marville\/booking?source=external_referral&#038;utm_campaign=website-button&#038;utm_source=alberic-marville-website-button&#038;utm_medium=referral&#038;utm_content=withoutpreview-blue-floating-bottom-right&#038;utm_term=alberic-marville\">Prendre rendez-vous<\/a><\/p>\n\n\n\n<p><\/p>\n<\/div>\n\n\n\n<div class=\"wp-block-column is-layout-flow wp-block-column-is-layout-flow\" style=\"flex-basis:10px\"><\/div>\n<\/div>\n\n\n\n<p><\/p>\n","protected":false},"excerpt":{"rendered":"<p>Psychologue du travail Entretiens et accompagnements : Analyses des pratiques professionnelles L\u2019analyse des pratiques professionnelles est une d\u00e9marche r\u00e9flexive qui vise \u00e0 comprendre, questionner et am\u00e9liorer les actions men\u00e9es dans un contexte de travail. Elle permet aux professionnels de prendre du recul sur leurs exp\u00e9riences, d\u2019identifier les difficult\u00e9s rencontr\u00e9es et de mettre en \u00e9vidence les [&hellip;]<\/p>\n","protected":false},"author":1,"featured_media":0,"parent":0,"menu_order":0,"comment_status":"closed","ping_status":"closed","template":"","meta":{"footnotes":""},"class_list":["post-29","page","type-page","status-publish","hentry"],"yoast_head":"<!-- This site is optimized with the Yoast SEO plugin v26.9 - https:\/\/yoast.com\/product\/yoast-seo-wordpress\/ -->\n<title>Psychologue du travail \u00e0 Troyes<\/title>\n<meta name=\"description\" content=\"Psychologie du travail. Entretiens et accompagnements. Analyses des pratiques professionnelles. Recrutement PCM ...\" \/>\n<meta name=\"robots\" content=\"index, follow, max-snippet:-1, max-image-preview:large, max-video-preview:-1\" \/>\n<link rel=\"canonical\" href=\"https:\/\/psychologue-marville.com\/\" \/>\n<meta property=\"og:locale\" content=\"fr_FR\" \/>\n<meta property=\"og:type\" content=\"article\" \/>\n<meta property=\"og:title\" content=\"Psychologue du travail \u00e0 Troyes\" \/>\n<meta property=\"og:description\" content=\"Psychologie du travail. Entretiens et accompagnements. Analyses des pratiques professionnelles. Recrutement PCM ...\" \/>\n<meta property=\"og:url\" content=\"https:\/\/psychologue-marville.com\/\" \/>\n<meta property=\"article:modified_time\" content=\"2026-03-13T17:10:35+00:00\" \/>\n<meta property=\"og:image\" content=\"https:\/\/psychologue-marville.com\/wp-content\/uploads\/2025\/10\/therapy-9690987_1280-1.png\" \/>\n\t<meta property=\"og:image:width\" content=\"1280\" \/>\n\t<meta property=\"og:image:height\" content=\"915\" \/>\n\t<meta property=\"og:image:type\" content=\"image\/png\" \/>\n<meta name=\"twitter:card\" content=\"summary_large_image\" \/>\n<meta name=\"twitter:label1\" content=\"Dur\u00e9e de lecture estim\u00e9e\" \/>\n\t<meta name=\"twitter:data1\" content=\"3 minutes\" \/>\n<script type=\"application\/ld+json\" class=\"yoast-schema-graph\">{\"@context\":\"https:\/\/schema.org\",\"@graph\":[{\"@type\":\"WebPage\",\"@id\":\"https:\/\/psychologue-marville.com\/\",\"url\":\"https:\/\/psychologue-marville.com\/\",\"name\":\"Psychologue du travail \u00e0 Troyes\",\"isPartOf\":{\"@id\":\"https:\/\/psychologue-marville.com\/#website\"},\"primaryImageOfPage\":{\"@id\":\"https:\/\/psychologue-marville.com\/#primaryimage\"},\"image\":{\"@id\":\"https:\/\/psychologue-marville.com\/#primaryimage\"},\"thumbnailUrl\":\"https:\/\/psychologue-marville.com\/wp-content\/uploads\/2025\/10\/therapy-9690987_1280-1-1024x732.png\",\"datePublished\":\"2025-06-08T16:41:04+00:00\",\"dateModified\":\"2026-03-13T17:10:35+00:00\",\"description\":\"Psychologie du travail. Entretiens et accompagnements. Analyses des pratiques professionnelles. Recrutement PCM ...\",\"breadcrumb\":{\"@id\":\"https:\/\/psychologue-marville.com\/#breadcrumb\"},\"inLanguage\":\"fr-FR\",\"potentialAction\":[{\"@type\":\"ReadAction\",\"target\":[\"https:\/\/psychologue-marville.com\/\"]}]},{\"@type\":\"ImageObject\",\"inLanguage\":\"fr-FR\",\"@id\":\"https:\/\/psychologue-marville.com\/#primaryimage\",\"url\":\"https:\/\/psychologue-marville.com\/wp-content\/uploads\/2025\/10\/therapy-9690987_1280-1.png\",\"contentUrl\":\"https:\/\/psychologue-marville.com\/wp-content\/uploads\/2025\/10\/therapy-9690987_1280-1.png\",\"width\":1280,\"height\":915},{\"@type\":\"BreadcrumbList\",\"@id\":\"https:\/\/psychologue-marville.com\/#breadcrumb\",\"itemListElement\":[{\"@type\":\"ListItem\",\"position\":1,\"name\":\"Accueil\",\"item\":\"https:\/\/psychologue-marville.com\/\"},{\"@type\":\"ListItem\",\"position\":2,\"name\":\"Psychologie du travail\"}]},{\"@type\":\"WebSite\",\"@id\":\"https:\/\/psychologue-marville.com\/#website\",\"url\":\"https:\/\/psychologue-marville.com\/\",\"name\":\"Psychologue marville\",\"description\":\"\",\"publisher\":{\"@id\":\"https:\/\/psychologue-marville.com\/#organization\"},\"potentialAction\":[{\"@type\":\"SearchAction\",\"target\":{\"@type\":\"EntryPoint\",\"urlTemplate\":\"https:\/\/psychologue-marville.com\/?s={search_term_string}\"},\"query-input\":{\"@type\":\"PropertyValueSpecification\",\"valueRequired\":true,\"valueName\":\"search_term_string\"}}],\"inLanguage\":\"fr-FR\"},{\"@type\":\"Organization\",\"@id\":\"https:\/\/psychologue-marville.com\/#organization\",\"name\":\"Psychologue marville\",\"url\":\"https:\/\/psychologue-marville.com\/\",\"logo\":{\"@type\":\"ImageObject\",\"inLanguage\":\"fr-FR\",\"@id\":\"https:\/\/psychologue-marville.com\/#\/schema\/logo\/image\/\",\"url\":\"https:\/\/psychologue-marville.com\/wp-content\/uploads\/2025\/06\/logo2-1.png\",\"contentUrl\":\"https:\/\/psychologue-marville.com\/wp-content\/uploads\/2025\/06\/logo2-1.png\",\"width\":1024,\"height\":1024,\"caption\":\"Psychologue marville\"},\"image\":{\"@id\":\"https:\/\/psychologue-marville.com\/#\/schema\/logo\/image\/\"}}]}<\/script>\n<!-- \/ Yoast SEO plugin. -->","yoast_head_json":{"title":"Psychologue du travail \u00e0 Troyes","description":"Psychologie du travail. Entretiens et accompagnements. Analyses des pratiques professionnelles. Recrutement PCM ...","robots":{"index":"index","follow":"follow","max-snippet":"max-snippet:-1","max-image-preview":"max-image-preview:large","max-video-preview":"max-video-preview:-1"},"canonical":"https:\/\/psychologue-marville.com\/","og_locale":"fr_FR","og_type":"article","og_title":"Psychologue du travail \u00e0 Troyes","og_description":"Psychologie du travail. Entretiens et accompagnements. Analyses des pratiques professionnelles. Recrutement PCM ...","og_url":"https:\/\/psychologue-marville.com\/","article_modified_time":"2026-03-13T17:10:35+00:00","og_image":[{"width":1280,"height":915,"url":"https:\/\/psychologue-marville.com\/wp-content\/uploads\/2025\/10\/therapy-9690987_1280-1.png","type":"image\/png"}],"twitter_card":"summary_large_image","twitter_misc":{"Dur\u00e9e de lecture estim\u00e9e":"3 minutes"},"schema":{"@context":"https:\/\/schema.org","@graph":[{"@type":"WebPage","@id":"https:\/\/psychologue-marville.com\/","url":"https:\/\/psychologue-marville.com\/","name":"Psychologue du travail \u00e0 Troyes","isPartOf":{"@id":"https:\/\/psychologue-marville.com\/#website"},"primaryImageOfPage":{"@id":"https:\/\/psychologue-marville.com\/#primaryimage"},"image":{"@id":"https:\/\/psychologue-marville.com\/#primaryimage"},"thumbnailUrl":"https:\/\/psychologue-marville.com\/wp-content\/uploads\/2025\/10\/therapy-9690987_1280-1-1024x732.png","datePublished":"2025-06-08T16:41:04+00:00","dateModified":"2026-03-13T17:10:35+00:00","description":"Psychologie du travail. Entretiens et accompagnements. Analyses des pratiques professionnelles. Recrutement PCM ...","breadcrumb":{"@id":"https:\/\/psychologue-marville.com\/#breadcrumb"},"inLanguage":"fr-FR","potentialAction":[{"@type":"ReadAction","target":["https:\/\/psychologue-marville.com\/"]}]},{"@type":"ImageObject","inLanguage":"fr-FR","@id":"https:\/\/psychologue-marville.com\/#primaryimage","url":"https:\/\/psychologue-marville.com\/wp-content\/uploads\/2025\/10\/therapy-9690987_1280-1.png","contentUrl":"https:\/\/psychologue-marville.com\/wp-content\/uploads\/2025\/10\/therapy-9690987_1280-1.png","width":1280,"height":915},{"@type":"BreadcrumbList","@id":"https:\/\/psychologue-marville.com\/#breadcrumb","itemListElement":[{"@type":"ListItem","position":1,"name":"Accueil","item":"https:\/\/psychologue-marville.com\/"},{"@type":"ListItem","position":2,"name":"Psychologie du travail"}]},{"@type":"WebSite","@id":"https:\/\/psychologue-marville.com\/#website","url":"https:\/\/psychologue-marville.com\/","name":"Psychologue marville","description":"","publisher":{"@id":"https:\/\/psychologue-marville.com\/#organization"},"potentialAction":[{"@type":"SearchAction","target":{"@type":"EntryPoint","urlTemplate":"https:\/\/psychologue-marville.com\/?s={search_term_string}"},"query-input":{"@type":"PropertyValueSpecification","valueRequired":true,"valueName":"search_term_string"}}],"inLanguage":"fr-FR"},{"@type":"Organization","@id":"https:\/\/psychologue-marville.com\/#organization","name":"Psychologue marville","url":"https:\/\/psychologue-marville.com\/","logo":{"@type":"ImageObject","inLanguage":"fr-FR","@id":"https:\/\/psychologue-marville.com\/#\/schema\/logo\/image\/","url":"https:\/\/psychologue-marville.com\/wp-content\/uploads\/2025\/06\/logo2-1.png","contentUrl":"https:\/\/psychologue-marville.com\/wp-content\/uploads\/2025\/06\/logo2-1.png","width":1024,"height":1024,"caption":"Psychologue marville"},"image":{"@id":"https:\/\/psychologue-marville.com\/#\/schema\/logo\/image\/"}}]}},"_links":{"self":[{"href":"https:\/\/psychologue-marville.com\/index.php\/wp-json\/wp\/v2\/pages\/29","targetHints":{"allow":["GET"]}}],"collection":[{"href":"https:\/\/psychologue-marville.com\/index.php\/wp-json\/wp\/v2\/pages"}],"about":[{"href":"https:\/\/psychologue-marville.com\/index.php\/wp-json\/wp\/v2\/types\/page"}],"author":[{"embeddable":true,"href":"https:\/\/psychologue-marville.com\/index.php\/wp-json\/wp\/v2\/users\/1"}],"replies":[{"embeddable":true,"href":"https:\/\/psychologue-marville.com\/index.php\/wp-json\/wp\/v2\/comments?post=29"}],"version-history":[{"count":128,"href":"https:\/\/psychologue-marville.com\/index.php\/wp-json\/wp\/v2\/pages\/29\/revisions"}],"predecessor-version":[{"id":1233,"href":"https:\/\/psychologue-marville.com\/index.php\/wp-json\/wp\/v2\/pages\/29\/revisions\/1233"}],"wp:attachment":[{"href":"https:\/\/psychologue-marville.com\/index.php\/wp-json\/wp\/v2\/media?parent=29"}],"curies":[{"name":"wp","href":"https:\/\/api.w.org\/{rel}","templated":true}]}}